t is the tens digit of 8499?
9
What is the hundreds digit of 1730?
7
What is the hundreds digit of 10017?
0
What is the hundreds digit of 43459?
4
What is the ten thousands digit of 14892?
1
What is the units digit of 5764?
4
What is the thousands digit of 5898?
5
What is the tens digit of 8506?
0
What is the hundreds digit of 16392?
3
What is the units digit of 955?
5
What is the thousands digit of 2653?
2
What is the hundreds digit of 32711?
7
What is the thousands digit of 26021?
6
What is the hundreds digit of 26980?
9
What is the tens digit of 58316?
1
What is the hundreds digit of 744?
7
What is the tens digit of 26702?
0
What is the hundreds digit of 468?
4
What is the units digit of 2004?
4
What is the hundreds digit of 2485?
4
What is the ten thousands digit of 84125?
8
What is the thousands digit of 36263?
6
What is the tens digit of 14130?
3
What is the tens digit of 60?
6
What is the hundreds digit of 465?
4
What is the thousands digit of 8782?
8
What is the tens digit of 16423?
2
What is the units digit of 64249?
9
What is the thousands digit of 13898?
3
What is the units digit of 232?
2
What is the hundreds digit of 1853?
8
What is the ten thousands digit of 167113?
6
What is the hundreds digit of 14795?
7
What is the tens digit of 5619?
1
What is the hundreds digit of 68549?
5
What is the thousands digit of 2205?
2
What is the hundreds digit of 7174?
1
What is the thousands digit of 3646?
3
What is the units digit of 54607?
7
What is the units digit of 32603?
3
What is the hundreds digit of 1213?
2
What is the ten thousands digit of 62611?
6
What is the thousands digit of 3043?
3
What is the tens digit of 16497?
9
What is the tens digit of 3347?
4
What is the thousands digit of 122731?
2
What is the thousands digit of 4618?
4
What is the ten thousands digit of 15647?
1
What is the units digit of 125838?
8
What is the tens digit of 7186?
8
What is the tens digit of 2982?
8
What is the tens digit of 101786?
8
What is the units digit of 8729?
9
What is the hundreds digit of 3576?
5
What is the hundreds digit of 12690?
6
What is the hundreds digit of 12097?
0
What is the tens digit of 455?
5
What is the units digit of 68416?
6
What is the hundreds digit of 7962?
9
What is the hundreds digit of 3358?
3
What is the units digit of 80?
0
What is the thousands digit of 1381?
1
What is the units digit of 28911?
1
What is the units digit of 15170?
0
What is the units digit of 14163?
3
What is the hundreds digit of 348?
3
What is the thousands digit of 1086?
1
What is the hundreds digit of 45213?
2
What is the hundreds digit of 3466?
4
What is the tens digit of 170?
7
What is the tens digit of 12418?
1
What is the hundreds digit of 567?
5
What is the tens digit of 8018?
1
What is the hundreds digit of 22760?
7
What is the tens digit of 13168?
6
What is the ten thousands digit of 81048?
8
What is the units digit of 1604?
4
What is the ten thousands digit of 52368?
5
What is the tens digit of 7282?
8
What is the thousands digit of 7465?
7
What is the hundreds digit of 55070?
0
What is the units digit of 924?
4
What is the hundreds digit of 821?
8
What is the units digit of 4280?
0
What is the hundreds digit of 12051?
0
What is the units digit of 1111?
1
What is the units digit of 96?
6
What is the thousands digit of 130492?
0
What is the thousands digit of 14945?
4
What is the thousands digit of 53821?
3
What is the hundreds digit of 3766?
7
What is the units digit of 1036?
6
What is the tens digit of 2213?
1
What is the tens digit of 78082?
8
What is the hundreds digit of 343?
3
What is the thousands digit of 10195?
0
What is the hundreds digit of 5600?
6
What is the tens digit of 48520?
2
What is the thousands digit of 13191?
3
What is the tens digit of 58174?
7
What is the tens digit of 528?
2
What is the thousands digit of 21104?
1
What is the thousands digit of 1850?
1
What is the units digit of 642?
2
What is the ten thousands digit of 58975?
5
What is the tens digit of 227?
2
What is the tens digit of 828?
2
What is the hundreds digit of 70826?
8
What is the tens digit of 1495?
9
What is the units digit of 4473?
3
What is the tens digit of 10968?
6
What is the units digit of 3886?
6
What is the hundreds digit of 3053?
0
What is the hundreds digit of 2607?
6
What is the units digit of 5355?
5
What is the hundreds digit of 968?
9
What is the units digit of 1183?
3
What is the hundreds digit of 870?
8
What is the thousands digit of 5453?
5
What is the tens digit of 9846?
4
What is the hundreds digit of 3907?
9
What is the ten thousands digit of 76422?
7
What is the tens digit of 7976?
7
What is the ten thousands digit of 92593?
9
What is the hundreds digit of 1774?
7
What is the hundreds digit of 1226?
2
What is the thousands digit of 45943?
5
What is the hundreds digit of 681?
6
What is the hundreds digit of 2732?
7
What is the units digit of 4494?
4
What is the hundreds digit of 25182?
1
What is the tens digit of 11402?
0
What is the hundreds digit of 1850?
8
What is the hundreds digit of 13876?
8
What is the tens digit of 23864?
6
What is the ten thousands digit of 31544?
3
What is the hundreds digit of 4151?
1
What is the ten thousands digit of 107539?
0
What is the tens digit of 12231?
3
What is the hundreds digit of 18766?
7
What is the ten thousands digit of 14988?
1
What is the tens digit of 804?
0
What is the tens digit of 2392?
9
What is the ten thousands digit of 26297?
2
What is the hundreds digit of 392?
3
What is the thousands digit of 23080?
3
What is the ten thousands digit of 34013?
3
What is the hundreds digit of 16169?
1
What is the tens digit of 10851?
5
What is the units digit of 10451?
1
What is the tens digit of 306?
0
What is the tens digit of 2461?
6
What is the hundreds digit of 1211?
2
What is the thousands digit of 2225?
2
What is the thousands digit of 12426?
2
What is the hundreds digit of 2094?
0
What is the hundreds digit of 3336?
3
What is the ten thousands digit of 25114?
2
What is the tens digit of 3651?
5
What is the tens digit of 170?
7
What is the tens digit of 7735?
3
What is the ten thousands digit of 58171?
5
What is the ten thousands digit of 13709?
1
What is the thousands digit of 24068?
4
What is the hundreds digit of 1337?
3
What is the ten thousands digit of 111301?
1
What is the thousands digit of 1113?
1
What is the hundreds digit of 5304?
3
What is the ten thousands digit of 20898?
2
What is the units digit of 403?
3
What is the units digit of 191939?
9
What is the units digit of 6039?
9
What is the hundreds digit of 41155?
1
What is the thousands digit of 37253?
7
What is the units digit of 14986?
6
What is the thousands digit of 27723?
7
What is the tens digit of 6002?
0
What is the hundreds digit of 3054?
0
What is the units digit of 87?
7
What is the units digit of 10019?
9
What is the thousands digit of 42011?
2
What is the tens digit of 47427?
2
What is the units digit of 2624?
4
What is the thousands digit of 11010?
1
What is the hundreds digit of 50403?
4
What is the units digit of 40767?
7
What is the units digit of 8291?
1
What is the tens digit of 35740?
4
What is the ten thousands digit of 82513?
8
What is the tens digit of 2039?
3
What is the thousands digit of 1340?
1
What is the thousands digit of 7977?
7
What is the units digit of 43098?
8
What is the tens digit of 2209?
0
What is the hundreds digit of 8610?
6
What is the units digit of 1477?
7
What is the thousands digit of 4073?
4
What is the thousands digit of 38803?
8
What is the tens digit of 856?
5
What is the hundreds digit of 2304?
3
What is the tens digit of 72171?
7
What is the tens digit of 48578?
7
What is the thousands digit of 57383?
7
What is the tens digit of 65181?
8
What is the tens digit of 3601?
0
What is the hundreds digit of 73439?
4
What is the hundreds digit of 975?
9
What is the hundreds digit of 2654?
6
What is the hundreds digit of 515?
5
What is the tens digit of 38616?
1
What is the hundreds digit of 16699?
6
What is the units digit of 901?
1
What is the units digit of 33409?
9
What is the units digit of 9863?
3
What is the thousands digit of 27114?
7
What is the tens digit of 1424?
2
What is the tens digit of 105986?
8
What is the units digit of 86?
6
What is the hundreds digit of 103706?
7